-7)?
True
Let t(q) be the third derivative of -q**5/60 - 7*q**4/24 + q**3/2 - 2*q**2. Let u be t(-7). Suppose -g = x - u*g - 6, 2*g = 3*x - 14. Is x a multiple of 3?
False
Let o = -23 + 107. Suppose u - 48 = 2*c + 4, 2*u - o = -c. Is 11 a factor of u?
True
Let t(m) = m**3 + 3*m**2 + m. Let b be t(-2). Suppose -y + 40 = -3*f, 4*y - 138 = -b*f + 3*f. Is y a multiple of 20?
False
Let h = -8 + 8. Suppose 0*j - 3*j + 54 = h. Is j a multiple of 18?
True
Suppose -5*u - 4*p + 9 = -p, 5*p - 15 = -u. Suppose u = 4*y + 2*z - 76, -5*y + 15 = -z - 73. Does 6 divide y?
True
Suppose -4*w + 6 = -46. Let r = w + 8. Is r a multiple of 4?
False
Let l = 13 + 46. Does 14 divide l?
False
Let q be -30 + 3/(-3 - 0). Let j = 51 + q. Does 10 divide j?
True
Suppose -8*c + 2*c + 444 = 0. Is 22 a factor of c?
False
Let q be -8*(-2 + (-9)/(-6)). Suppose -3*g = -15, 0 = q*d + 5*g - 80 - 33. Is 12 a factor of d?
False
Let k = 34 - 26. Is 4 a factor of k?
True
Let f(r) = r**3 + 8*r**2 + 5*r + 2. Let t(j) = -j**2 - 6*j + 2. Let w be t(-7). Is 14 a factor of f(w)?
False
Suppose 2*j + 27 = 101. Does 10 divide j?
False
Suppose 2*l + 4 = 2*b - 6*b, -5*b - 5*l - 5 = 0. Let z be (0 + 33 - 3) + b. Suppose 4*t - 13 - z = -p, 4*t + 110 = 3*p. Does 11 divide p?
False
Let l(h) = -h. Let k be l(-5). Suppose -2*u - 13 + 15 = 0. Suppose -k = -o + u. Does 5 divide o?
False
Suppose 4*x + 2*b - 244 = 0, b = 5*x - 482 + 184. Is x a multiple of 12?
True
Suppose -140 = -3*b - t, 0 = -5*b + 2*b - 2*t + 136. Suppose -15 = -a - 3*y + 7*y, 2*a = 2*y + b. Is 8 a factor of a?
False
Let y = 25 - 16. Let o = 1 + 3. Let n = y + o. Is 13 a factor of n?
True
Suppose -n + 11 = -3. Let d = n - 98. Let w = -53 - d. Is w a multiple of 8?
False
Let v be 2/(-7) - 19/7. Let c(b) = -b**2 + 14. Let f be c(0). Let o = f + v. Is o a multiple of 3?
False
Let l(u) = 4*u. Let h be l(-1). Let s = h - -12. Is 7 a factor of s?
False
Let n = 184 - 58. Is n a multiple of 18?
True
Let m be (2/5)/((-1)/5). Let o(k) = -29*k**3 - 25*k**2 - 17*k + 4. Let i(t) = 7*t**3 + 6*t**2 + 4*t - 1. Let y(h) = -9*i(h) - 2*o(h). Is y(m) a multiple of 13?
False
Suppose 2*h - 5*h + 390 = 0. Does 13 divide h?
True
Let n(f) = 2*f + 55. Is 55 a factor of n(13)?
False
Let a(t) = t**2 + 7*t - 3. Let h be a(-7). Is 1/h*0 + 14 a multiple of 7?
True
Let j(s) be the second derivative of -s**4/12 - 2*s**3 + 3*s**2 - s. Let f be j(-10). Suppose o = 27 + f. Is o a multiple of 15?
False
Let l(u) = u**3 + 10*u**2 + u - 6. Is l(-6) a multiple of 22?
True
Let r = -57 - -29. Let x be -6*r/3 + 2. Suppose -x = 3*y - 5*y. Is y a multiple of 9?
False
Let n be (-1)/((-92)/(-44) + -2). Let h(l) = 0 - l + 0*l + 1. Is 4 a factor of h(n)?
True
Suppose 12 = -3*l, -5*l = -3*s - 3 - 1. Let o be 4/s - 59/(-2). Let u = o - 15. Does 7 divide u?
True
Suppose 2*h - 65 = -3*h. Let g = h - -4. Is g a multiple of 17?
True
Let r be 1/((3/57)/(-1)). Let a = r + 40. Is 13 a factor of a?
False
Let g = -17 + 35. Is 11 a factor of g?
False
Suppose -10 = 3*p - 1, 2*p + 22 = 4*a. Does 2 divide a?
True
Is (408/(-32))/(3/(-16)) a multiple of 18?
False
Suppose -24 = -2*x + 5*j, 4*j = 5*x + 16 - 42. Suppose s = -x*s + 48. Is s a multiple of 8?
True
Let g(b) be the second derivative of -b**3/3 + 10*b**2 - 4*b. Does 8 divide g(-6)?
True
Is -28*(-10)/4 + 2 a multiple of 17?
False
Let k be -2*(-1)/(-3)*-24. Suppose 9*z - 4*z + 21 = -3*s, 2*z = -5*s - k. Let i(a) = a**3 + 4*a**2 - 2*a - 4. Does 5 divide i(z)?
False
Let z be 12/(-15)*(-10)/4. Let s be (0 + z)*(-1)/(-2). Does 2 divide 0 + s + 2/1?
False
Let y(r) = -r**2 - 7*r - 7. Let w(k) = -k - 4. Let a be w(3). Let f be y(a). Is (-4)/(-14) - 131/f a multiple of 9?
False
Suppose 0 = k - 3*l - 47, 2*k + l + 18 = 140. Is 23 a factor of k?
False
Suppose -2*a + 16 - 6 = 0. Suppose a*j = -z + 78, 0 = 4*z + 4 + 4. Let i = 24 - j. Is 4 a factor of i?
True
Suppose 4*l + 0*l - 4*a = 36, 5*l - 3*a - 37 = 0. Let n = -5 + l. Suppose m - 3*o - 2*o - 23 = n, m + 2*o - 44 = 0. Does 19 divide m?
True
Let m(v) = -v**3 - 7*v**2 - 7*v - 3. Let z be m(-6). Is 15 a factor of ((-8 + z)*12)/(-1)?
True
Let l(v) = 2. Let f(t) = t. Let h(b) = -6*f(b) - l(b). Does 3 divide h(-1)?
False
Suppose 2*o - x - 3 = 0, -3*x = 2*x - 5. Let h be o/(-4) - (-255)/10. Suppose 10 = -3*p + h. Is 2 a factor of p?
False
Let d = -4 + 7. Let p be -5 + d + 16*1. Suppose 28 = 3*x - p. Is 7 a factor of x?
True
Let k = 119 + -47. Is k a multiple of 18?
True
Let r be ((-3)/1)/((-6)/(-12)). Let h be (-1 + -2)*r + 0. Suppose 2*f + h = 2*l, 0 = -3*l - f + 3*f + 25. Is 3 a factor of l?
False
Let t(p) = -2*p - 3. Is 3 a factor of t(-3)?
True
Is 4/(-8)*-1*78 a multiple of 13?
True
Let g = 43 - 80. Let r = 68 + g. Is 10 a factor of r?
False
Let s(w) = -w**3 - 8*w**2 + 5. Let r be s(-8). Suppose -r*n + 10 + 0 = 2*y, -10 = -5*n + 3*y. Does 9 divide n/8 - 230/(-8)?
False
Suppose o - 32 = -0*u + 5*u, -5*o = 2*u - 295. Let j = o + -36. Is j a multiple of 20?
False
Let v = 24 - -31. Is 14 a factor of v?
False
Let y(z) = 8*z**3 - 9*z**2 - 7*z + 8. Let a(u) = -17*u**3 + 19*u**2 + 15*u - 17. Let o(x) = 6*a(x) + 13*y(x). Is o(3) a multiple of 13?
True
Let d(y) = -1 - 2*y**2 + 14*y**3 - 12*y**3 + y**2. Is d(2) a multiple of 3?
False
Suppose -3*j = -3 - 12. Suppose u + 3*v = -4*u + 198, -20 = j*v. Does 21 divide u?
True
Let q = 20 + -11. Suppose -7*m = -q*m + 82. Does 9 divide m?
False
Let p(w) = w**3 - 6*w**2 + 8*w + 6. Is p(7) a multiple of 11?
False
Let i = -5 + 6. Suppose 2*v + i + 5 = 2*l, -5*l = -2*v - 24. Suppose 3*h = 3*m - l, -m - 19 + 6 = -4*h. Is m a multiple of 3?
False
Let h = 248 - 149. Is h a multiple of 17?
False
Suppose -3*l - 2*p + 114 = -l, 5*l - 281 = -3*p. Is l a multiple of 4?
False
Let x(h) = 2*h**2 + 3*h - 4. Let z be x(6). Suppose -z = -3*c + 5*d, 2*c - 90 = -3*c - 5*d. Suppose -3*l + c = 4. Is 3 a factor of l?
True
Suppose 2*l = -23 + 9. Let f = l - -65. Is f a multiple of 9?
False
Let i(q) = -103*q - 1. Let r be i(-1). Suppose 5*z - 2*z + r = 0. Let h = -16 - z. Does 6 divide h?
True
Let i = 101 + 75. Is i a multiple of 22?
True
Suppose -1 = 5*o - 156. Is 17 a factor of o?
False
Let w(n) = n**3 + 4*n**2 - 6*n - 1. Is 5 a factor of w(3)?
False
Let t = 11 - 4. Suppose -3*l - 4*q = 0, 4*q = 5*l + t*q. Let c = l + 4. Is 3 a factor of c?
False
Let i = 37 + -23. Is 14 a factor of i?
True
Let i = -17 - -45. Is 7 a factor of i?
True
Let o(g) = -3*g**3 - g**2 - 12. Is o(-4) a multiple of 41?
True
Suppose -5*y - 135 = -495. Is y a multiple of 22?
False
Let t = 8 - 9. Let a(z) = 62*z**2 + 1. Is 18 a factor of a(t)?
False
Let n = 36 - 7. Suppose -3*f + 79 = -n. Is 16 a factor of f?
False
Suppose 0 = 2*j - 6, -3*a - 2*j = -4*a + 54. Is 23 a factor of a?
False
Let j(v) = 4 - 4*v + 5 - 4 + v**2. Let w be j(4). Suppose 15 = w*f, -7 + 37 = 2*n + 4*f. Is n a multiple of 6?
False
Let v(h) be the third derivative of -h**6/40 - h**4/12 + h**2. Let j be v(-2). Suppose 0*i - 5*p + j = 3*i, 0 = -2*p + 4. Is 6 a factor of i?
True
Let k = -22 - -34. Is 12 a factor of k?
True
Suppose -4 = -3*i + 2. Suppose 157 = 5*w - 3*l, 7*l - 5 = i*l. Is w a multiple of 13?
False
Suppose -2*s + 45 = 3*s. Let n be (-12)/2*(-1)/3. Suppose 0 = -2*l + n*y + 44, -l - y + 5 = -s. Is 10 a factor of l?
False
Is 6 a factor of 24*(1 - (-3 + 3))?
True
Let f be 30/9*(-6)/(-4). Suppose -f*m - 81 = -2*m. Let b = m - -39. Is b a multiple of 12?
True
Let c be (-6)/(-27) + 22/(-18). Is 16 a factor of 2 + 2 + 42 + c?
False
Let x = 1 + -7. Suppose 3*u + 15 = 66. Let r = x + u. Does 6 divide r?
False
Suppose -2*t + 4*p = t - 22, -5*t + 27 = 3*p. Let g(x) = -5*x**2 + 11*x - 3. Let v(h) = 6*h**2 - 12*h + 4. Let i(s) = 5*g(s) + 4*v(s). Is i(t) a multiple of 4?
False
Suppose -4*u + 33 = -u. Let d = 33 - u. Does 6 divide d?
False
Suppose 0 = 2*v - 16 - 12. Is v a multiple of 7?
True
Let d = 18 - 13. Suppose -4*l = 2*r + l + d, 2*r = -4*l. Does 5 divide r?
True
Let q be (2 - 0)*3/2. Suppose 1 = -w + q*d, 0 = 2*w - 4*d - 4 - 0. Is 3 a factor of w?
False
Suppose 3*h = 3*z - 0*z - 24, 39 = 4*z + 3*h. Let r be 14/10 + z/15. Suppose 5*p - 17 = -r. Is 3 a factor of p?
True
Let a(c) = 5*c**2 - 7*c + 5. Let m(o) = 4*o**2 - 7*o + 5. Let k(v) = 3*a(v) - 4*m(v). Does 5 divide k(5)?
True
Suppose 0 = 3*w + 5*m - 115, w = 4*m + 5 + 5. Is 15 a factor of w?
True
Suppo